 common divisor of 24 and m.
8
Let w = -3 + -1. Let c be 2*-2*6/w. What is the highest common factor of c and 6?
6
Suppose -8 + 1 = v. Let a be (-6)/18 + v/(-3). Suppose i - 10 = 8. Calculate the greatest common divisor of i and a.
2
Suppose 9*n - 4*n = -90. Let g be 1418/n + 4/(-18). Let d = -33 - g. What is the highest common factor of d and 115?
23
Let o be (655/(-7))/(-5) - 10/(-35). What is the highest common factor of o and 19?
19
Suppose 0 = -2*o - 1 + 21. What is the highest common factor of 110 and o?
10
Let j(u) = -u - 2. Let d be j(-15). Let n(p) = 53*p**2 + 2*p + 1. Let g be n(-1). Suppose h - g = -3*h. What is the greatest common divisor of h and d?
13
Suppose -x + 168 = -3*x. Let a be x/16*64/(-6). What is the greatest common divisor of a and 28?
28
Suppose 4*l - 4*r - 280 = -104, 2*r = -4*l + 158. Let v = l - 21. Suppose -4*a + z + v = -2*z, z = 0. What is the highest common factor of a and 45?
5
Let z(y) = 6*y**2 - y. Let t be z(1). Let h(m) = 2*m**2 - 7*m. Let n be h(t). Calculate the highest common factor of n and 10.
5
Let o be 0*(-1)/(-4) + 6. What is the greatest common divisor of o and 12?
6
Suppose -5*l - 3*m - 127 = 24, 0 = -4*l - 4*m - 116. Let p = 52 - l. Calculate the greatest common factor of p and 12.
12
Let w(r) = r - 1. Let p(f) = -3*f + 2. Let u(k) = -3*p(k) - 7*w(k). Let g be u(7). Calculate the greatest common divisor of 6 and g.
3
Suppose 3*z = 2*i - 20 - 1, 0 = 3*i - 3*z - 27. Calculate the highest common factor of 30 and i.
6
Let w = 85 + 207. Suppose 4*d + 3*q = 395, d + w = 4*d - 2*q. What is the highest common factor of d and 14?
14
Let r be ((-7)/21)/(3/(-36)). Let d be 4*(3 + (15 - r)). What is the highest common factor of 8 and d?
8
Let g be (-2)/(0 - -1) + (85 - -5). Let w(s) = 2*s**2 + 5*s - 4. Let z be w(-4). Calculate the highest common factor of g and z.
8
Let c be (2 + -3)/((-1)/8). Let u = 78 + c. Suppose 2*n + u = h + 3*n, -84 = -h + n. Calculate the greatest common divisor of h and 17.
17
Suppose 2*h = 3*h - 30. Let p = -15 + 9. Let m be 96/9 - (-4)/p. Calculate the greatest common factor of m and h.
10
Let w be 14/35 - (-18)/5. Calculate the highest common divisor of w and 28.
4
Let u = -304 + 612. What is the highest common factor of u and 28?
28
Let c(t) = t**2 - 9*t + 16. Let n be c(8). Calculate the highest common divisor of n and 88.
8
Let n be ((-28)/(-12))/((-2)/6). Let v(k) = -k + 1. Let w be v(n). Calculate the greatest common divisor of w and 8.
8
Suppose 3*t = f + 138, -46 = t - 2*t + 2*f. Suppose t = 3*m - 20. What is the highest common factor of 154 and m?
22
Let u = 249 - 87. Suppose 2*s - 54 = -s. What is the greatest common factor of u and s?
18
Let q(b) = b - 1. Let u be q(-3). Let z = 22 + u. What is the highest common factor of z and 12?
6
Suppose 0 = 3*l + 2*l - 165. Let z be (-18)/54 + ((-100)/(-3))/1. What is the highest common divisor of l and z?
33
Suppose 0*k = 2*k. Suppose -2*s + k*s = -48. Calculate the highest common divisor of s and 16.
8
Suppose -3*h = 4*q - 858, 3*h = -q + 83 + 127. Calculate the highest common divisor of q and 27.
27
Suppose 0 = 2*y - 4. Let x(w) = y - 3 + 4 - 3*w + 4*w**2. Let g be x(3). What is the highest common divisor of g and 10?
10
Let b = 901 - 622. Calculate the highest common divisor of 31 and b.
31
Let n = 318 - 223. What is the greatest common divisor of 38 and n?
19
Let z be 115/3 - (-1)/(-3). Suppose -y = -o + 5*o + 20, -5*o - y - 24 = 0. Let a be (z/o)/(-1)*2. Calculate the highest common factor of 171 and a.
19
Let x be (-42)/(-8) + 1/(-4). Let c = 5 + -4. Let i = x - c. What is the greatest common divisor of 10 and i?
2
Suppose -72 = -5*i - 12. Suppose -5*k = -13 - i. Suppose 4*f + k*g - 57 = 0, -3*g + 4 = -11. What is the greatest common divisor of f and 40?
8
Suppose -12 = i - 2*i. Let t = -6 + i. Suppose 9*m - 225 = t*m. Calculate the greatest common factor of m and 15.
15
Let g be (-1)/4 - (-10503)/12. Suppose -4*w - g - 157 = 0. Let v be w/(-14) + 18/(-42). What is the greatest common divisor of 9 and v?
9
Let m(l) = -4*l - 16. Let z be m(-11). Calculate the greatest common divisor of z and 7.
7
Let j(i) = -i**3 + 7*i**2 + 6*i - 10. Let k be j(6). Calculate the highest common factor of k and 93.
31
Suppose -4*k + 18 - 2 = 0. Suppose -4*f - d = -139, -d + 134 = k*f + d. What is the highest common factor of f and 4?
4
Let k = -9 + 14. Suppose -x = -0 - 3. Suppose 5*f - 94 = -x*r, 6*f - 90 = f - 5*r. Calculate the greatest common factor of f and k.
5
Suppose 28 + 0 = 2*q. Calculate the highest common factor of 21 and q.
7
Suppose -3*u - 322 = -2*y, -4*u = y + u - 174. Let v be (2 - 4)/((-1)/2). Let p be y + (-3)/(1 - v). What is the highest common factor of p and 15?
15
Let f = -87 - -183. What is the highest common divisor of f and 24?
24
Let l = 36 + -13. Let v = 33 - l. What is the highest common divisor of v and 90?
10
Let h = -12 - -19. Let v(o) = 2*o**2 - 6*o + 6. Let t be v(4). Suppose -t - 28 = -3*l. Calculate the highest common factor of h and l.
7
Let f(u) = 3*u - 1. Let b be f(1). Suppose 5*c - b*c = 12. Let p = 12 - c. What is the greatest common factor of p and 16?
8
Suppose -2*h + h + 1 = 0. Calculate the highest common divisor of h and 5.
1
Suppose 2*h + 3*h - 60 = 0. Suppose -6*q - 25 = -q. Let l = q + 8. What is the greatest common divisor of l and h?
3
Let g be (-2)/(-3) - 12/(-9). Let n be (0/2 - 0)/g. Let y = 44 - n. What is the greatest common divisor of 11 and y?
11
Suppose -40 - 18 = -3*h + 5*b, b = -2*h + 56. Let w(x) = -x**2 + 7*x + 1. Let j be w(3). Calculate the highest common factor of j and h.
13
Let n be 1/((-6)/2)*3. Let v be (n/3)/((-1)/33). What is the greatest common factor of 22 and v?
11
Let y(u) = u**2 + 11*u + 5. Let c be y(-11). Suppose -a - a + 240 = c*h, 4*h - 192 = -4*a. What is the greatest common divisor of h and 12?
12
Suppose 17*a - 90 - 522 = 0. Calculate the greatest common divisor of a and 27.
9
Let p = 0 - 3. Let a be -4*((-36)/(-8))/p. Suppose -23 = 3*u - 4*u + 4*j, -2*j = 5*u - 5. Calculate the highest common divisor of u and a.
3
Suppose 4*x = 5*x - 43. Let f = x + -9. Let b = f + -22. What is the highest common factor of b and 4?
4
Suppose -2*a = -26 + 10. Let v(b) = -3*b - 3. Let i be v(-4). Suppose -3*l + 33 = i. Calculate the highest common factor of l and a.
8
Suppose -6*p = -61 + 13. What is the highest common divisor of 12 and p?
4
Suppose 5*a + 0*h - 607 = 3*h, -a = -4*h - 118. Let j be a/6 - (-4)/6. What is the highest common factor of 3 and j?
3
Suppose -6*k = -4*k - 8. Calculate the greatest common factor of k and 8.
4
Let y be 500/(-35) - (-6)/21. Let i = 25 + y. Calculate the highest common divisor of 33 and i.
11
Suppose -2*b = 4*p - 0*b - 54, 3*p + 4*b - 38 = 0. Let c(t) = -10*t - 2. Let r be c(-3). What is the greatest common divisor of p and r?
14
Let d = -26 + 40. Suppose 16 = 5*l - 3*g - g, 0 = -l - 4*g + 8. Suppose -l = 4*v, -4*q - v + 6*v = -117. Calculate the highest common factor of q and d.
14
Suppose -3*c - 951 = -3*f, -14 = -4*c - 2. Suppose 100 + f = 5*h. Calculate the highest common factor of h and 21.
21
Let z(m) = m**3 - 6*m**2 + 7*m - 5. Let y be z(4). Let q(c) = -c**3 - 8*c**2 + 8*c + 6. Let h be q(y). What is the highest common divisor of 135 and h?
15
Let b be 5 - (-1 - -3*1). Suppose b*c = 231 + 177. What is the highest common factor of 17 and c?
17
Suppose 2*j - w = -j, -4*j = 3*w. Suppose j*b + 225 = 5*b. Let r = -3 + 8. Calculate the greatest common divisor of b and r.
5
Let d be ((-40)/(-6) - 3)*(49 + -1). Calculate the greatest common factor of 16 and d.
16
Suppose 0 = 4*w - 8 - 8. Suppose 0 = 5*s - 4*k - 5, 3*s - 4 + 1 = -w*k. Let t be s + 0 - (-1 + -88). Calculate the greatest common divisor of t and 36.
18
Let l(j) = j**3 - 3*j**2 - 5*j - 6. Let p be l(5). Let c = p + -3. What is the greatest common factor of 80 and c?
16
Suppose -17 = -3*b + 4*w, 3*w = 3*b + 4*w + 8. Let v be b - -1 - (-8 - -6). Let k = -8 + 13. Calculate the highest common divisor of k and v.
1
Let p(k) = 3*k - 11. Let y be p(13). Calculate the greatest common divisor of y and 42.
14
Let t be 4 + (-2 - -2)/3. Suppose 2*i + t*j - 100 = 0, -5*i + 268 = -j - 15. What is the greatest common divisor of 8 and i?
8
Let h(t) = 5*t + 1. Let d be h(2). Let u = d - -3